ert -b1467 (base 15) to base 6.
-20010211
What is -65265201 (base 7) in base 14?
-a53401
What is 109048 (base 13) in base 3?
201212112011
-220231 (base 5) to base 16
-1d8e
What is -89351 (base 11) in base 2?
-11111100111110110
Convert 3673826 (base 9) to base 10.
1997403
What is -22000020203 (base 4) in base 5?
-1132400422
-1100000010010101110 (base 2) to base 14
-a3a46
-4265522 (base 7) to base 16
-7f190
What is 57151 (base 8) in base 2?
101111001101001
Convert -2200528 (base 9) to base 8.
-4403343
What is -210121001 (base 3) in base 13?
-721c
What is -100100101010010011001 (base 2) in base 13?
-330a41
-15719269 (base 10) to base 7
-250416526
What is 122100201101 (base 3) in base 8?
1233277
63165 (base 10) to base 11
43503
1111221233 (base 4) to base 10
350831
What is -789d7 (base 16) in base 7?
-4125230
What is 115261 (base 9) in base 6?
1253344
What is -60336171 (base 8) in base 13?
-2827150
Convert -1211140132 (base 5) to base 6.
-140423224
Convert 61732270 (base 8) to base 16.
c7b4b8
Convert 17347543 (base 8) to base 6.
222453351
Convert -203300345 (base 7) to base 4.
-231201113132
642c78 (base 15) to base 14
8c1a1b
Convert -24a61 (base 13) to base 10.
-67679
What is -8b640 (base 12) in base 16?
-2d5d0
What is 11169a (base 11) in base 3?
100000222100
Convert 4102243000 (base 5) to base 11.
4720511
-1125002 (base 7) to base 9
-234338
What is 428d81 (base 15) in base 11?
1874844
-100201021021002 (base 3) to base 11
-2a06516
What is a1551 (base 15) in base 8?
1745552
Convert 337c8 (base 13) to base 4.
112312311
-4031040 (base 5) to base 11
-44525
What is 526263 (base 13) in base 7?
22244424
-10032024 (base 5) to base 15
-18bae
What is -8c4e (base 16) in base 7?
-206501
Convert -261880 (base 9) to base 13.
-57441
691268 (base 11) to base 7
12230121
cf4ca (base 16) to base 6
30111002
-111630041 (base 7) to base 2
-11001111111100101110011
Convert -808ea1 (base 16) to base 11.
-4834a11
Convert 12242043400 (base 5) to base 10.
14799850
-110011110111011110 (base 2) to base 8
-636736
Convert 11433c (base 16) to base 4.
10110030330
Convert 3601a (base 13) to base 11.
68329
Convert -7922997 (base 10) to base 2.
-11110001110010100110101
100020200012112 (base 3) to base 15
671178
-3885178 (base 9) to base 15
-2be085
What is 352554 (base 7) in base 12?
30830
What is 534751 (base 12) in base 3?
2110202221121
Convert -231032232 (base 5) to base 11.
-646493
What is 11010111100011100111 (base 2) in base 14?
18da99
Convert -148004 (base 10) to base 7.
-1154333
-1102210121200 (base 3) to base 4
-2322131001
12233013103 (base 4) to base 3
10022201021121
What is -10100100001101010010 (base 2) in base 15?
-d4449
What is -2342ab5 (base 12) in base 10?
-6806441
Convert 774846 (base 12) to base 2.
111001110101010110110
Convert 2000222232 (base 4) to base 12.
214ba6
-211d85 (base 14) to base 10
-1119473
What is 27a75 (base 16) in base 6?
3251541
3706612 (base 8) to base 7
11443434
What is 2000000221020 (base 3) in base 13?
2b3137
What is -1010221121020 (base 3) in base 13?
-18435c
What is -1530024 (base 11) in base 5?
-1132331030
-2314450 (base 10) to base 7
-25446445
433323214 (base 5) to base 12
755475
Convert 20022001120 (base 3) to base 16.
1e444
What is -534950 (base 10) in base 14?
-dcd4a
-706610 (base 8) to base 16
-38d88
What is -302021103 (base 4) in base 5?
-23033040
Convert -477cb (base 13) to base 16.
-1ff9d
2101112100011 (base 3) to base 6
43120221
-15141401 (base 7) to base 10
-1438739
-700547 (base 8) to base 4
-320011213
-39060a6 (base 11) to base 2
-11001110101011000010100
Convert -1231311212 (base 5) to base 3.
-12122010202112
1334380 (base 9) to base 8
2624556
Convert 365630 (base 8) to base 11.
86608
Convert 1984452 (base 10) to base 11.
1135a48
-465427 (base 10) to base 14
-c188b
Convert -5322337 (base 9) to base 13.
-789b2c
What is 1309877 (base 11) in base 16?
229a61
Convert 10a5b3 (base 12) to base 11.
172638
What is 1110011101101101110 (base 2) in base 13?
13796c
Convert 473441 (base 11) to base 2.
10110111011001101101
Convert -10451 (base 13) to base 11.
-2001a
What is -a3736 (base 11) in base 7?
-1200035
What is -21275146 (base 8) in base 10?
-4553318
What is -42938a (base 16) in base 15?
-5b2bb6
What is -12100220011 (base 3) in base 10?
-105628
-2303103311 (base 4) to base 16
-b34f5
Convert 1111200021 (base 3) to base 16.
73d5
2363d (base 14) to base 6
1503303
-11100011001101000 (base 2) to base 4
-130121220
Convert 100101010001101010010010 (base 2) to base 10.
9771666
Convert 1220351 (base 6) to base 9.
108064
Convert -10651317 (base 8) to base 16.
-2352cf
Convert -c1e93 (base 16) to base 4.
-3001322103
What is 3406 (base 12) in base 6?
42410
-1000001101000101111000 (base 2) to base 15
-2c7401
What is -140d1 (base 14) in base 15?
-ea50
What is -1342100023 (base 6) in base 9?
-33660616
Convert 1222131323 (base 4) to base 13.
123656
Convert -114123231 (base 6) to base 15.
-2c92dd
What is -133997 (base 12) in base 13?
-b1766
What is 144005 (base 11) in base 13?
7b505
Convert 27216327 (base 8) to base 3.
102111000200120
-86074 (base 14) to base 2
-1001111000100110110
Convert -1677136 (base 10) to base 11.
-a4606a
Convert 36415525 (base 8) to base 9.
16046183
What is -16cb1 (base 16) in base 7?
-536122
What is -322210 (base 9) in base 16?
-2ed9a
What is 21124365 (base 7) in base 9?
3324486
Convert 42b9b (base 13) to base 12.
59981
Convert 1357356 (base 12) to base 4.
32223220302
Convert -24041204 (base 6) to base 10.
-751972
Convert 89a999 (base 12) to base 11.
126a95a
-1001111010001000111 (base 2) to base 11
-201a33
Convert -212200011010200 (base 3) to base 15.
-118781c
What is 20488 (base 12) in base 2?
1010010010101000
Convert -3577280 (base 9) to base 3.
-10122121022200
Convert 79bd76 (base 14) to base 8.
17634364
Convert a146a (base 11) to base 9.
245378
What is -41343 (base 8) in base 3?
-212111012
Convert -1ed3b2 (base 16) to base 5.
-1004122044
Convert cdd55 (base 14) to base 16.
79e57
What is 413126 (base 7) in base 15?
15e52
Convert -c8b18 (base 14) to base 4.
-1312130002
What is 100101010110011011001 (base 2) in base 4?
10222303121
-22000011210 (base 3) to base 12
-77249
-2903109 (base 10) to base 11
-1703170
Convert 9748e (base 16) to base 5.
124312122
-390983 (base 10) to base 4
-1133131013
Convert -3145011 (base 7) to base 9.
-640663
What is 313402044 (base 5) in base 7?
14063135
-111ab (base 15) to base 9
-82538
What is 102000210 (base 5) in base 6?
13013214
Convert 536 (base 15) to base 13.
6c6
Convert 51043133 (base 7) to base 9.
7881455
Convert -1562784 (base 10) to base 9.
-2841656
What is 49212 (base 11) in base 10?
70798
What is -29c670 (base 15) in base 12?
-812a36
-905c6 (base 14) to base 15
-6cbb8
-334503340 (base 6) to base 14
-b4cb92
-eb50f (base 16) to base 5
-221320410
515aa5 (base 16) to base 10
5331621
14627a5 (base 13) to base 9
13180275
Convert b0447 (base 14) to base 2.
1100111010111111111
-2a915 (base 14) to base 13
-39371
-3301013223 (base 4) to base 10
-987627
-1728027 (base 11) to base 9
-5468338
What is 2e466c (base 16) in base 15?
3ed88e
456d83 (base 15) to base 4
30221010003
Convert -133524331 (base 7) to base 3.
-121022221000101
Convert -bc39 (base 15) to base 11.
-27a64
Convert 6205663 (base 8) to base 6.
55103015
Convert e9e7 (base 15) to base 5.
3040432
Convert 1021122030 (base 4) to base 3.
120021110110
Convert -2542056 (base 7) to base 13.
-b708a
Convert -1010111010000110101111 (base 2) to base 9.
-5337364
What is 10022210221 (base 3) in base 2?
1111111111000001
What is 1989890 (base 10) in base 5?
1002134030
6461574 (base 9) to base 10
3465409
-131331203021 (base 4) to base 7
-123521531
8a6c3 (base 14) to base 15
698ca
Convert 266a24 (base 11) to base 12.
1826aa
Convert -3332223 (base 7) to base 14.
-a9cba
What is 1610a (base 13) in base 14?
113c6
11313013320 (base 4) to base 8
5670770
What is -4b292b (base 16) in base 11?
-2864865
10897986 (base 10) to base 13
2347518
What is -4512050 (base 6) in base 5?
-24233022
b512c (base 15) to base 6
20145253
Convert -79706 (base 11) to base 7.
-660131
What is 21100231 (base 5) in base 9?
286127
Convert 179961 (base 10) to base 6.
3505053
Convert -134432014 (base 5) to base 7.
-5653016
-3895cc (base 14) to base 10
-1946656
Convert d6ff6 (base 16) to ba